(s) = 42*s**3 + 1 - 3*s**2 - 35*s**3 + 2*s**2. Let b = 1 + -2. Determine h(b).
-7
Let t(j) = -j + 0*j - j + 4*j**2 - 7 + j. Let v be (0 - 0/(-2)) + 6. Let a(o) = 3*o**2 - o - 6. Let b(s) = v*a(s) - 5*t(s). Calculate b(-2).
-7
Let u(i) = -i**2. Let d(r) be the first derivative of r**2/2 - r + 4. Let m(t) = -5*d(t) + u(t). Let y be (3 + (-35)/10)*10. What is m(y)?
5
Suppose 45*l = 57*l - 36. Let z(n) = n**3 - 2*n**2 + n + 3. Let y(h) = -h**2 + h. Let o(c) = -y(c) - z(c). What is o(l)?
-9
Suppose 0 = -16*o + 9*o - 21. Let t(m) be the first derivative of m**5/20 + m**4/8 - m**3/3 - 2. Let x(s) be the third derivative of t(s). What is x(o)?
-15
Suppose 3*y - 23 = -2*o, -2*y + 3*o = 5*o - 16. Suppose 3 - y = -x. Let m(f) = -f**3 + 6*f**2 - 10*f + 5. Let k be m(x). Let j(l) = -l**2 - l + 2. What is j(k)?
-4
Let p(u) = -u - 7. Let z be p(-9). Suppose -3*s = z*s - 15. Let m(y) = -2*y**2 - 3*y + y**3 + s - y**2 + 5*y**2. What is m(-3)?
3
Let i(q) be the first derivative of 7*q**2/2 - 6*q + 156. Calculate i(2).
8
Let l(h) be the second derivative of -h**3/6 + h. Suppose 4*z - 6*w = -3*w + 75, -5*w - 27 = -2*z. Suppose 3*v - 9 = b, 3*v - 6 = 5*b - z. Give l(b).
-6
Let v be 3/(3/(-18)*2) + 3. Let t be (-26)/4 - -2 - (-9)/v. Let u(h) = -2*h + 2. Calculate u(t).
14
Let n be (-1)/5*-5 - -5. Let d(u) = -n*u - 4*u**2 - 2*u + 4 + 5*u**2. Calculate d(7).
-3
Suppose 0 = 3*h - w - 0*w - 85, 4*w + 116 = 4*h. Suppose -4*n - 8 = h. Let l(i) = i**3 + 9*i**2 + i + 4. What is l(n)?
-5
Let g be (-64)/12*(-3)/4. Let l(w) = -w**3 + 3*w**2 - w - 4. Determine l(g).
-24
Let a(v) be the third derivative of 0*v**3 - 16*v**2 + 0 - 1/60*v**5 + 5/24*v**4 + 0*v. Let m be 30/9*(-6)/(-4). Determine a(m).
0
Let u(c) = c - 10. Let p(a) = -2*a + 22. Let b(d) = -2*p(d) - 5*u(d). Determine b(0).
6
Let l(a) = a**2 - 4*a + 4. Let o be 22 - 2*(-1 + 0). Suppose x + x + 9 = n, 3*n - 5*x - o = 0. Determine l(n).
1
Let f(z) = -11*z**2 - 9*z - 4. Let n(q) = -5*q**2 - 4*q - 2. Let d(j) = -4*f(j) + 9*n(j). Suppose 0 = 5*r + 158 + 12. Let t = r - -36. Determine d(t).
-6
Let h(c) = -3*c + 8 - 2*c + 8*c**2 - 7*c**2 - 3. Let l = -426 + 432. What is h(l)?
11
Suppose -5*b - o - 15 = 14, 5*o = b + 11. Let k(z) = -4*z**2 + 4*z - z**3 - 2*z - 2*z**2 - 1. Calculate k(b).
-13
Let z be 5 - (2 + 2 + -2). Let q(p) = -p**z - 3*p**2 - 5*p**2 + 0*p**2 - 7. Determine q(-8).
-7
Let q(w) = -w**3 + 7*w**2 - 8*w + 7. Let y = 38 - 16. Suppose -3*o + 20 = -8*o, -y = -2*z + 3*o. Give q(z).
17
Suppose 2*r - 3*r + 6 = 0. Let q(y) be the second derivative of y**5/20 - 7*y**4/12 + y**3/3 + 4*y**2 - y + 2. Determine q(r).
-16
Suppose -2*s + 3 + 5 = 0. Let k be ((-5)/(-2))/(2/s). Let y(d) = k - 6 - 12*d**3 + 2*d**2 + 2*d**3. Determine y(-1).
11
Let s(t) = -2*t**3 - 14*t**2 + 28*t + 8. Let w(g) = g**3 + 7*g**2 - 15*g - 3. Let r(d) = 3*s(d) + 5*w(d). Calculate r(-8).
1
Let f(y) = -157 + 79 + 3*y + 59. Calculate f(4).
-7
Let l(s) = -13*s + 2*s**2 + 39*s + 0 - 13*s - 15*s - 9. Determine l(4).
15
Let l(f) = -5*f + 6. Let p(g) = -12*g + 10. Let c(n) = 5*l(n) - 2*p(n). Calculate c(6).
4
Let m = -10 + 28. Suppose m = 5*j - 4*n + 4, 4*j + 4*n - 40 = 0. Let t(f) = f**2 - 9*f + 2. What is t(j)?
-16
Let x(q) = -31*q - 95. Let y be x(-3). Let v(l) = 6*l**2 + l + 1. Determine v(y).
23
Let w = 5 + -5. Let y be (-23)/(-7) - (-26)/(-91). Let t(g) = g - 3*g + 3*g + 3*g**2 - g**y - 2*g**2 + 3. What is t(w)?
3
Suppose 0 = 7*f - 4*f + 21. Let s be (2/3)/(f/21). Let r(t) = t**2 + t**3 + 3 - t + 0 - 2. Determine r(s).
-1
Suppose 25 = -0*s + 5*s. Suppose 3*i - s*i + 4 = 0. Let u(q) = -5*q + 6 - 4*q + q + q**i. Calculate u(7).
-1
Let x(t) = 4*t - 11. Let m(p) = 9*p - 23. Let v(k) = 3*m(k) - 7*x(k). Suppose 0*b - 3*b + 15 = n, -5*n - 15 = 0. What is v(b)?
2
Let r(m) = -4*m - 16. Let f be (-2)/(202/18 - 11). Determine r(f).
20
Let u(h) = h - 10. Suppose -5*s + 57 = c, -3*c - 4 = -s + 1. Calculate u(s).
1
Let w(s) be the first derivative of -s**3/3 + 7*s**2/2 + s - 40. Let a = -5 + 11. What is w(a)?
7
Let k = 37 - 38. Let m(d) = 3*d**2 - 2*d - 9. Let w(s) = -s**2 + s + 4. Suppose 0 = -f - 9 + 6. Let o(u) = f*m(u) - 7*w(u). What is o(k)?
-2
Suppose -229 = -27*d + 176. Let k(l) = 4*l - 52. Calculate k(d).
8
Let z(j) = -10*j - 474. Let i be z(-48). Let h(s) = -3*s + 14. Calculate h(i).
-4
Let u = -49 - -52. Let s(x) be the second derivative of x - 1/3*x**u + 3/2*x**2 + 0. What is s(6)?
-9
Let i(p) = -4*p**2 - 1. Let n(b) = 17*b**2 - 7*b + 8. Let d(t) = -4*i(t) - n(t). Give d(4).
8
Let c(o) = o**3 + o**2 + 2*o. Suppose -3*h = 15, -8*h = 5*g - 4*h - 100. Suppose -22 = -13*k + g*k. Calculate c(k).
-8
Let g(h) = 9*h + 7*h**3 - 3*h**3 + 0*h**3 + 8 - 3*h**3 - 10*h**2 + 2. What is g(9)?
10
Let m(c) = 13*c - 54. Let p(v) = 2*v - 7. Let s(k) = m(k) - 7*p(k). Calculate s(-14).
9
Let o be 2 + (-144)/(-15) + 16/40. Let h(x) = x**2 - 10*x - 29. Give h(o).
-5
Let q(z) = 302 + 303 + z**2 + 13*z - 589. Give q(-11).
-6
Let t(s) = 2*s**2 + 9*s + 1. Let m(a) = a**2 + a. Let p(v) = -3*m(v) + t(v). Let r(c) = -2*c + 19. Let o be r(7). Calculate p(o).
6
Let u = -8 - -11. Let g be 2/u - (-22)/3. Suppose -2 + g = -3*d. Let w(n) = n**3 + 2*n**2 + 2*n + 1. What is w(d)?
-3
Let d be (-2)/4*12/(-2). Let h(n) = 3 + 4*n - 5 + 6 - d*n. Suppose 3*q + 5*m - 10 = -0*q, -20 = 5*q + m. Calculate h(q).
-1
Let p = -177 - -179. Let a(t) = 3*t. Calculate a(p).
6
Let h(x) be the second derivative of x**4/6 + 5*x**3/6 - 3*x**2/2 + 43*x. Suppose 3*m + 5 = -10. Determine h(m).
22
Let q(f) = -f**2 - 2*f + 13. Suppose -89*i - 12 = -92*i, -r + i = 10. What is q(r)?
-11
Let o(r) = -30*r**3 + r. Let q(v) = -v**3 + 29*v**2 + 29*v + 29. Let c be q(30). Determine o(c).
29
Let z(c) = 16*c**2 - 18*c - 1. Let t(m) = -5*m**2 + 6*m. Let w(v) = -7*t(v) - 2*z(v). Determine w(4).
26
Let r(c) = c**2 + 4*c - 6. Let o = -9 + 10. Let u be (0 - 4/o) + -2. Determine r(u).
6
Let k be -8 + (-2 - -4 - -9). Let a(p) = -p**3 + 4*p**2 - p + 1. Calculate a(k).
7
Let w(q) = q**2 - 3*q - 5. Suppose 0 = 2*i - 5*p + 33, 3*i - p = 4*i - 1. What is w(i)?
23
Let r(v) = -v**2. Let n = 0 + 4. Suppose -n*o = -16, 0*o + 5*o - 5 = -5*d. Give r(d).
-9
Let s(a) = -a**3 + 5*a**2 - 4*a + 5. Let z be ((-1)/2 - (-9)/10)*-25. Let d = z + 14. What is s(d)?
5
Let p(u) = u - 2. Let m(n) = -2*n**3 + 10*n**2 + 13*n - 3. Let z be m(6). Suppose -5*o - z = -4*j + 4, 2*j = -3*o - 13. Determine p(j).
-4
Let c = 10 + -5. Suppose -2*m + 2*r + 1 = -1, c*r = 4*m. Let s(o) be the third derivative of -o**4/24 + 2*o**3 + 76*o**2. Calculate s(m).
7
Suppose 7*v - 120 = 2*v. Suppose -2*m - v = 12. Let z be 4/(-5)*45/m. Let y(g) = g**3 - 2*g + 2. Determine y(z).
6
Let a(o) = o - 37. Let l(z) = -z + 30. Let h(d) = 5*a(d) + 6*l(d). Calculate h(-3).
-2
Let j = 814 - 816. Let i(l) = l**3 + 4*l**2 - 3*l - 5. Determine i(j).
9
Let p(y) = -y**3 + 8*y**2 - 4*y + 8. Let r be 4/(15/6 - 2). Calculate p(r).
-24
Suppose -5*w - 8 = 4*u - w, -u - 10 = 5*w. Let a(j) = 5*j**3 + 4*j**2 - j - 24. Let f(y) = -y**3 - y**2 + 1. Let p(k) = -a(k) - 4*f(k). Give p(u).
20
Let p(j) be the first derivative of j**2/2 - 16*j - 61. Give p(10).
-6
Let l(d) be the second derivative of -d**5/20 + 5*d**4/6 - 11*d**3/6 + 13*d**2/2 - 142*d. Give l(9).
-5
Let r(g) = -3*g**2 + 7*g + 3. Let d(h) = -h**2 + h. Let o(z) = 2*d(z) - r(z). Let l(q) = -14*q + 89. Let t be l(6). Calculate o(t).
-3
Let z(f) = -f**3 + 4*f**2 - f. Suppose 2 = 2*i, -26 = -3*q + 4*i - 0*i. Let l be q/(-30)*(1 - 13). Calculate z(l).
-4
Let s(m) = 2*m + 81382*m**2 - 4 - 3*m - 3*m - 81383*m**2. Let k be 1 + 2 + 0 + 1. Suppose q - x + 1 = 0, -k*q + 0*x - 14 = x. Determine s(q).
-1
Let a(k) = 8*k**2 + k. Suppose 2*f = -4*f + 204. Let r = f + -35. Give a(r).
7
Suppose 0 = -3*j - 4 + 16. Let o(b) = -6*b + 2*b + 0*b + 6*b - 5. Let x be o(j). Let m(h) = -h**2 + 2*h + 1. What is m(x)?
-2
Let y be -6*7*(-10)/(-105). Let o(t) = t**3 + 3*t**2 - 3*t + 3. Calculate o(y).
-1
Let b(u) = 7*u + 1. Suppose 1 = 3*a - 5. Suppose f - 36 + 9 = -5*q, 3*q = a*f + 11. Let d be (-4)/((-32)/(-4))*f. Calculate b(d).
-6
Let b(m) be the third derivative of -m**5/60 + m**4/24 + 2*m**3/3 + 22*m**2. Let d be (-36)/(-24)*(0 - 2). Give b(d).
-8
Let u(j) be the first derivative of j**6/120 - 7*j**5/60 - j**4/24 - j**3/6 + 9*j**2/2 + 17. Let z(i) be the second derivative o